2).
8
Let g(w) = -w**3 - 6*w**2 + 4*w + 9. Calculate g(-6).
-15
Let v(t) = -8*t - 20. What is v(-2)?
-4
Let w(h) = h**2 + 5*h - 14. Determine w(-6).
-8
Let t(s) = -s**2 - 17*s - 72. Give t(-10).
-2
Let l(v) = 3*v**2 + 45*v + 103. Give l(-12).
-5
Let p(k) = -7*k + 3. Determine p(-2).
17
Let d(t) = -t**3 - 13*t**2 + 11*t + 4. What is d(-14)?
46
Let l(t) = t**2 - 21*t + 2. Determine l(20).
-18
Let b(l) = 2*l**2 - 9. Determine b(-9).
153
Let o(h) = -6*h - 8. Give o(-6).
28
Let o(i) = -5*i + 61. Determine o(15).
-14
Let m(x) = 2*x**3 - 13*x**2 + 8*x - 5. What is m(6)?
7
Let u(f) = -10*f**3 - 3*f**2 - 6*f - 2. What is u(-2)?
78
Let g(l) = -l**3 + 10*l**2 + 11*l + 2. Give g(11).
2
Let m(c) = -15*c**2 - c. Calculate m(-1).
-14
Let p(j) = -j**3 - 12*j**2 - 6*j + 15. What is p(-11)?
-40
Let s(f) = -f**3 - 26*f**2 + 28*f + 21. What is s(-27)?
-6
Let o(v) = -2*v**2 - 6*v - 2. What is o(-5)?
-22
Let z(w) = 2*w + 14. What is z(-8)?
-2
Let v(z) = -2*z**2 + 2*z + 1. What is v(-1)?
-3
Let z(q) = -q - 2. Calculate z(3).
-5
Let u(l) = -l**2 + 13*l + 31. Give u(15).
1
Let d(w) = -4*w**2 + w + 1. Calculate d(-2).
-17
Let i(q) = 2*q**3 + 2*q**2 - q - 4. Determine i(-3).
-37
Let l(x) = -x**2 + 11*x - 12. What is l(12)?
-24
Let j(q) = 6*q + 9. Determine j(4).
33
Let p(f) = 2*f + 47. What is p(0)?
47
Let d(r) = -7*r + 43. What is d(5)?
8
Let u(x) = -x - 1. What is u(1)?
-2
Let o(n) = 17*n**3 + 4*n + 4. Determine o(-2).
-140
Let j(p) = -p**3 - 33*p**2 + 32*p - 84. Calculate j(-34).
-16
Let q(m) = m**2 + 41*m + 186. Give q(-36).
6
Let d(j) = -j. Calculate d(7).
-7
Let z(a) = -a**3 + 6*a**2 + 3*a - 5. Give z(5).
35
Let h(n) = 25*n + 1. Give h(1).
26
Let r(b) = -b**3 - 23*b**2 - 20*b + 54. Calculate r(-22).
10
Let z(j) = 9*j - 70. What is z(7)?
-7
Let v(a) = -43*a - 172. Give v(-4).
0
Let c(m) = -m**2 + 19*m - 8. Calculate c(19).
-8
Let j(n) = -n**3 - 5*n**2 + 19*n + 13. What is j(-7)?
-22
Let r(o) = o**2 + 10*o + 4. What is r(-4)?
-20
Let k(q) = -q**3 - 7*q**2 - 12*q - 2. Give k(-5).
8
Let p(c) = c**2 + 14*c + 15. What is p(-13)?
2
Let v(b) = -2*b - 11. Determine v(-10).
9
Let p(h) = h**2 - 2*h + 11. What is p(-5)?
46
Let s(v) = 17*v + 102. Determine s(-6).
0
Let y(o) = 17*o + 424. Calculate y(-25).
-1
Let g(w) = -4*w - 139. Give g(-29).
-23
Let q(s) = -6*s + 3. Calculate q(6).
-33
Let g(n) = -n**3 - n + 83. Determine g(0).
83
Let y(m) = -26*m + 124. What is y(5)?
-6
Let s(o) = -o**3 + 5*o**2 + 5*o + 2. Calculate s(6).
-4
Let a(i) = -7*i + 109. Calculate a(15).
4
Let y(b) = -3*b**2 - 7*b + 26. Give y(4).
-50
Let o(n) = -n + 17. Determine o(-7).
24
Let r(x) = x**2 + 14*x - 20. Determine r(-14).
-20
Let i(x) = -5*x**2 - 5*x + 9. Calculate i(-3).
-21
Let m(k) = -k + 16. Give m(15).
1
Let o(z) = z**3 + 5*z**2 + 2*z + 1. Determine o(-3).
13
Let g(s) = s**2 + 3*s - 7. Calculate g(-6).
11
Let z(l) = -l**3 + 2*l**2 - 4*l - 3. Calculate z(-3).
54
Let y(o) = -o**2 - 6*o + 1. Calculate y(-3).
10
Let v(d) = 2*d**2 - 8*d + 11. Calculate v(5).
21
Let j(g) = -9*g**3 - g**2 + g + 2. What is j(1)?
-7
Let o(m) = -2*m**3 + m**2 + 3*m + 5. Determine o(4).
-95
Let r(n) = 2*n**3 + n**2 - n + 1. Calculate r(2).
19
Let z(i) = i - 6. Calculate z(9).
3
Let j(g) = 15*g - 31. What is j(-1)?
-46
Let n(c) = -6*c + 5. What is n(5)?
-25
Let a(b) = -2*b**2 + b + 18. What is a(-5)?
-37
Let x(b) = -b**2 - 6*b - 5. What is x(-6)?
-5
Let x(i) = i**3 - 8*i**2 - 10*i + 6. Determine x(9).
-3
Let o(n) = -4*n - 23. Give o(-8).
9
Let z(t) = -7*t - 1. Calculate z(1).
-8
Let k(b) = b**3 + b**2 + b + 2. Give k(-2).
-4
Let n(g) = g**3 - 24*g**2 - 28*g + 61. Give n(25).
-14
Let j(b) = -3*b**3 + 2*b**2 + 7*b + 5. Give j(-3).
83
Let d(z) = 26*z + 165. What is d(-7)?
-17
Let d(y) = y**3 - 10*y**2 + 11*y - 3. Give d(8).
-43
Let t(o) = o + 4. Calculate t(-7).
-3
Let u(y) = y - 2. Calculate u(0).
-2
Let n(l) = l**2 + 7*l + 14. Give n(-3).
2
Let z(n) = -n + 31. Give z(-9).
40
Let l(m) = 12*m + 53. Determine l(-5).
-7
Let h(w) = 2*w**3 - 4*w**2 + 5*w - 4. Calculate h(2).
6
Let k(o) = o**2 - 18*o - 5. Determine k(19).
14
Let g(u) = -u**3 + 10*u**2 - 9*u + 4. Calculate g(9).
4
Let f(o) = o + 7. Determine f(7).
14
Let j(x) = -x**3 + 11*x**2 - 10*x - 24. Give j(10).
-24
Let k(w) = w**3 - w**2 - w - 4. Calculate k(0).
-4
Let f(n) = -57*n - 12. What is f(2)?
-126
Let w(z) = -z**3 + 13*z**2 - 13*z + 8. Give w(12).
-4
Let c(o) = -3*o**2 + 1. What is c(0)?
1
Let k(f) = -f**2 + 17*f + 28. Determine k(19).
-10
Let d(k) = 12*k - 2. What is d(3)?
34
Let u(w) = w**2 - 9*w + 15. Calculate u(10).
25
Let a(b) = -b**2 - 3*b - 45. Determine a(0).
-45
Let p(j) = j**3 - 3*j**2 - 14*j + 1. Determine p(6).
25
Let r(h) = h**3 - 13*h**2 + 12*h - 1. Give r(12).
-1
Let h(k) = k**3 - 5*k**2 - 9*k + 8. Give h(6).
-10
Let t(c) = 9*c + 10. Give t(-3).
-17
Let i(r) = -r. Give i(-3).
3
Let y(f) = -f - 14. Give y(-8).
-6
Let i(a) = 2*a - 2. Calculate i(2).
2
Let z(n) = 8*n**2 - 47*n - 11. What is z(6)?
-5
Let r(s) = -s**3 - 36*s**2 + 3*s + 109. Give r(-36).
1
Let d(h) = 3*h**3 + 9*h**2 + 7*h - 2. Give d(-1).
-3
Let w(m) = -m**3 - m**2 - m + 2. Give w(-2).
8
Let j(o) = -2*o**2 - 2*o - 4. Give j(-4).
-28
Let m(k) = k**3 - k**2 + 7*k + 23. What is m(-2)?
-3
Let k(w) = -337*w - 344. Calculate k(-1).
-7
Let j(w) = 12*w - 41. Determine j(-4).
-89
Let r(l) = -l**3 - 20*l**2 - 19*l + 24. Calculate r(-19).
24
Let v(l) = -l**3 + 11*l**2 + 14*l - 12. What is v(12)?
12
Let k(n) = -2*n + 2. What is k(-2)?
6
Let u(r) = r**2 + r - 23. Determine u(6).
19
Let a(b) = 27*b + 3. Give a(1).
30
Let c(m) = -m + 52. What is c(21)?
31
Let g(d) = 2*d - 10. What is g(5)?
0
Let x(c) = -32*c + 8. Give x(2).
-56
Let m(h) = -h - 9. Calculate m(5).
-14
Let z(k) = -k**3 + k**2 + 8*k + 15. Give z(-3).
27
Let d(v) = v**3 - 4*v**2 + 4*v - 3. What is d(3)?
0
Let g(s) = -3*s + 6. Calculate g(-2).
12
Let t(r) = -r**3 - 7*r**2 - 4*r + 21. What is t(-4)?
-11
Let j(k) = 3*k**2 - 59*k + 14. What is j(20)?
34
Let j(s) = -s**3 - 8*s**2 - 5*s - 4. Give j(-6).
-46
Let i(d) = d**2 - 13*d + 28. Calculate i(5).
-12
Let o(j) = j**3 - 8*j**2 - 11*j + 6. Determine o(9).
-12
Let v(w) = 2*w**2 - 7*w - 1. Give v(5).
14
Let q(z) = 8*z - 5. What is q(6)?
43
Let c(d) = d**3 - 19*d**2 + 17*d + 21. What is c(18)?
3
Let w(y) = y**3 - 18*y**2 - 19*y - 4. What is w(19)?
-4
Let d(s) = s**2 - 12*s + 21. Give d(9).
-6
Let b(g) = 11*g + 1. Determine b(-3).
-32
Let w(n) = n**3 + 6*n**2 + 2*n + 7. Determine w(-6).
-5
Let s(i) = i**3 + 11*i**2 - 12*i - 3. Calculate s(-12).
-3
Let h(b) = -103*b - 5. Determine h(1).
-108
Let u(x) = 14*x - 3. Calculate u(2).
25
Let v(i) = i + 4. Calculate v(3).
7
Let j(n) = -8*n + 29. Determine j(5).
-11
Let u(h) = h**3 + 8*h**2 - h - 2. What is u(-8)?
6
Let o(j) = j**3 + 4*j**2 + 6*j + 12. Give o(-5).
-43
Let f(t) = -t**2 + 5*t + 1. Give f(3).
7
Let m(t) = 31*t - 32. Determine m(1).
-1
Let h(z) = -z**2 + 6*z - 4. Determine h(4).
4
Let z(p) = 3*p - 31. What is z(16)?
17
Let n(i) = -9*i - 6. Calculate n(-2).
12
Let w(b) = 5*b - 4. Give w(4).
16
Let w(q) = 18*q - 226. Determine w(13).
8
Let y(s) = s**2 + 4*s + 6. What is y(-4)?
6
Let w(c) = -c**2 - 8*c - 8. Determine w(-5).
7
Let v(t) = t**3 - 8*t**2 + 8*t + 1. What is v(7)?
8
Let r(w) = -3*w**3 + 2*w**2 - 2. What is r(2)?
-18
Let l(w) = w**3 + 5*w**2 - 6*w - 2. Determine l(-5).
28
Let f(v) = v**3 - 6*v**2 + 3*v - 7. What is f(5)?
-17
Let b(u) = 3*u**2 - 5*u + 12. Give b(4).
40
Let z(w) = -2*w + 2. What is z(-1)?
4
Let x(f) = 19*f - 17. Determine x(4).
59
Let u(l) = -l**3 - 3*l**2 + 2*l - 9. Calculate u(-4).
-1
Let d(m) = m + 31. Calculate d(-13).
18
Let d(o) = 9*o + 44. Determine d(-5).
-1
Let s(h) = -h**2 + 8*h + 25. Give s(-3).
-8
Let p(j) = j**2 - j - 4. Determine p(4).
8
Let p(t) = 16*t**2 - 4*t - 3. Calculate p(-1).
17
Let i(d) = -d**3 - 5*d**2 + 12*d + 26. What is i(-6)?
-10
Let v(y) = -12*y**2 + y - 1. What is v(-1)?
-14
Let z(x) = 45*x - 185. Calculate z(4).
-5
Let z(g) = -3*g**2 + 2*g - 1. Determine z(1).
-2
Let n(s) = -s**2 - 4*s - 5. Determine n(-5).
-10
Let g(h) = h + 26. What is g(-6)?
20
Let p(c) = -c**3 + 3*c**2 + 4*c - 17. Determine p(4).
-17
Let o(a) = a**3 + 9*a**2 + 10*a + 10. Calculate o(-8).
-6
Let w(s) = -8*s**2 - 4*s + 1. Give w(2).
-39
Let b(t) = t**3 - 9*t**2 - 8*t - 15. What is b(10)?
5
Let h(n) = n**2 + 4*n + 4. Give 